21531 + 3?
-221525
In base 7, what is -443 - 5?
-451
In base 3, what is 10 + -220100?
-220020
In base 3, what is 21 + -22?
-1
In base 15, what is -2 - -30?
2d
In base 11, what is -5321 + -4?
-5325
In base 3, what is -1112010 - 2?
-1112012
In base 14, what is -3 + 1b6?
1b3
In base 13, what is -4 + -3?
-7
In base 2, what is -1110101101 + 10?
-1110101011
In base 9, what is 2 - -44?
46
In base 6, what is 0 + 100?
100
In base 9, what is 11 + -144?
-133
In base 6, what is 1154 + 4?
1202
In base 6, what is -11221 + 0?
-11221
In base 4, what is 10 + -22011?
-22001
In base 3, what is -10110 + 201?
-2202
In base 15, what is -740 + 6?
-739
In base 10, what is 3 + -12?
-9
In base 5, what is 102 + -44?
3
In base 16, what is 0 - -445?
445
In base 5, what is -112 + -312?
-424
In base 7, what is 2522 - 16?
2503
In base 2, what is 101 - 100001?
-11100
In base 16, what is 43 + 2?
45
In base 8, what is 707 - -1?
710
In base 8, what is 6 + -424?
-416
In base 8, what is 0 + -12?
-12
In base 11, what is -4 - -144?
140
In base 16, what is c9 - 5?
c4
In base 4, what is -2 - 331132?
-331200
In base 8, what is -12030 + -3?
-12033
In base 8, what is -6 - -161?
153
In base 12, what is -2a + 18?
-12
In base 15, what is -5 + -1b?
-21
In base 7, what is 4 - 5444?
-5440
In base 16, what is d - -42d?
43a
In base 11, what is -44 - 5?
-49
In base 6, what is -2 - 12422?
-12424
In base 8, what is 626 - 4?
622
In base 13, what is 3 - -1730?
1733
In base 9, what is 88 - 5?
83
In base 9, what is 5 - -143?
148
In base 6, what is -4 - -43?
35
In base 12, what is 6a6 + -4?
6a2
In base 3, what is 0 + 1021?
1021
In base 8, what is 1 - -160?
161
In base 2, what is 100110110 - -10110?
101001100
In base 14, what is -5 + -867?
-86c
In base 11, what is 345 - 2?
343
In base 15, what is 0 - -280?
280
In base 11, what is 0 - 370?
-370
In base 2, what is 10010 + -100001?
-1111
In base 13, what is a - -11a?
127
In base 9, what is 4 + -10?
-5
In base 9, what is -2 + 581?
578
In base 8, what is 166 + -4?
162
In base 7, what is 53 - -124?
210
In base 6, what is -134 - -3?
-131
In base 8, what is 5026 + -2?
5024
In base 4, what is 1312 - -31?
2003
In base 8, what is -142 - 20?
-162
In base 7, what is -54 + 626?
542
In base 8, what is 551 + 1?
552
In base 7, what is -10336 - -1?
-10335
In base 13, what is 1 - -9a?
9b
In base 3, what is -1110201 - -2?
-1110122
In base 8, what is 0 - 115?
-115
In base 4, what is 12 + 302?
320
In base 16, what is 2c - a6?
-7a
In base 13, what is 138 - -3?
13b
In base 15, what is -184 + 28?
-15b
In base 6, what is -5 + -340?
-345
In base 8, what is 3 + -237?
-234
In base 2, what is 1001 + 10010100?
10011101
In base 8, what is -4 + -3116?
-3122
In base 14, what is -7 - 2?
-9
In base 4, what is 3021312 + 3?
3021321
In base 6, what is 4 + -1020?
-1012
In base 5, what is 31313 + -4?
31304
In base 16, what is 294 - -2?
296
In base 13, what is 1 + b1c?
b20
In base 2, what is 101 - 1000111101?
-1000111000
In base 3, what is 22 - 10011?
-2212
In base 2, what is -1000101 - 100?
-1001001
In base 12, what is 1131 - 3?
112a
In base 11, what is 281 + 1?
282
In base 16, what is -1 + 58d?
58c
In base 15, what is 126 + -4?
122
In base 15, what is 1 + 30?
31
In base 3, what is 1000 + -21?
202
In base 11, what is 7 + a82?
a89
In base 9, what is 3 - 55?
-52
In base 3, what is 200 + -20?
110
In base 8, what is 323 - 2?
321
In base 12, what is 3 + 1b?
22
In base 12, what is -15 + 4?
-11
In base 12, what is 5 - 46a?
-465
In base 4, what is 3213 - 21?
3132
In base 9, what is -36 - 11?
-47
In base 8, what is 23 - 1?
22
In base 15, what is 3 + 92?
95
In base 14, what is 1 + 159?
15a
In base 8, what is -42 + 2?
-40
In base 6, what is -2320 - 2?
-2322
In base 5, what is 33 + 2?
40
In base 10, what is -9 + 387?
378
In base 6, what is 30541 + -1?
30540
In base 12, what is -2 - 141?
-143
In base 11, what is -48 - -2?
-46
In base 9, what is 3 - -73?
76
In base 5, what is 13 + -23242?
-23224
In base 8, what is 6 - -14?
22
In base 8, what is -110 - -42?
-46
In base 5, what is -3 - -2240?
2232
In base 7, what is 153 - -1?
154
In base 13, what is -4 - -108?
104
In base 6, what is -31 - 4?
-35
In base 6, what is 215 - 32?
143
In base 5, what is -33 + -1022?
-1110
In base 14, what is 12d - -1?
130
In base 5, what is 1340220 + -1?
1340214
In base 11, what is 221 + 8?
229
In base 9, what is 4 - -223?
227
In base 5, what is 3 + 4312?
4320
In base 7, what is -35 + 45?
10
In base 11, what is 12061 - 0?
12061
In base 8, what is -45 + 13?
-32
In base 16, what is -146 - b?
-151
In base 14, what is -5 - 1a?
-21
In base 6, what is -3 - -1240?
1233
In base 5, what is 2103 + 0?
2103
In base 6, what is -4 - -1034?
1030
In base 10, what is -1425 - 7?
-1432
In base 11, what is 4 + -710?
-707
In base 7, what is 3524 - 4?
3520
In base 10, what is 14 - 15?
-1
In base 15, what is -d + -22?
-30
In base 15, what is -10 + -5ed?
-60d
In base 8, what is 1503 - -1?
1504
In base 8, what is 2 + 4751?
4753
In base 13, what is 417c - 2?
417a
In base 10, what is -4873 + -1?
-4874
In base 4, what is -2 + -232?
-300
In base 6, what is -14 - -33?
15
In base 14, what is -1 + -4c?
-4d
In base 2, what is -1001100101 - 1111?
-1001110100
In base 11, what is -5 - 231?
-236
In base 14, what is 5 + -a2a?
-a25
In base 6, what is 55 + -110?
-11
In base 9, what is 155 + 3?
158
In base 12, what is 5 + -525?
-520
In base 9, what is 27 + -3?
24
In base 14, what is -23 + -273?
-296
In base 9, what is -4 + -2?
-6
In base 16, what is -3 - 47?
-4a
In base 5, what is 4 + 44004?
44013
In base 2, what is 101 - 100000000?
-11111011
In base 4, what is 30 + 31?
121
In base 14, what is -2 + 33a?
338
In base 15, what is -4c - -a?
-42
In base 11, what is 4 + -176?
-172
In base 8, what is -4 - 231?
-235
In base 12, what is -642 - 4?
-646
In base 12, what is -b6 - -3?
-b3
In base 8, what is 1 - -111?
112
In base 11, what is -55a - 17?
-576
In base 14, what is 2 - 3?
-1
In base 13, what is -177 + 4?
-173
In base 13, what is -11 - c5?
-106
In base 13, what is -1 + -67?
-68
In base 10, what is -2 + 4126?
4124
In base 9, what is 57 + -8?
48
In base 5, what is -101 + -2?
-103
In base 13, what is 393 - -2?
395
In base 2, what is -10101 - 1100?
-100001
In base 7, what is 0 + 32?
32
In base 16, what is -57f + 1?
-57e
In base 9, what is 125 - 4?
121
In base 3, what is -21201 + 12?
-21112
In base 13, what is -190 + 0?
-190
In base 2, what is -110110110 - -101?
-110110001
In base 7, what is -1 + -6?
-10
In base 5, what is 13 + -32?
-14
In base 14, what is 2 + 776?
778
In base 4, what is -2 - -1132203?
1132201
In base 11, what is -5 - 1112?
-1117
In base 13, what is -6 - 135?
-13b
In base 13, what is b6 - 5?
b1
In base 14, what is 5 - -46?
4b
In base 5, what is 4 - 221222?
-221213
In base 2, what is -10 - 1100101010101?
-1100101010111
In base 16, what is -5 + -a86?
-a8b
In base 9, what is 4 - -1006?
1011
In base 6, what is -13 - 145?
-202
In base 8, what is 1 + -16577?
-16576
In base 13, what is -28 - 2?
-2a
In base 10, what is -5 + 237?
232
In base 2, what is -100 + -10011011?
-10011111
In base 6, what is -1 - 21?
-22
In base 7, what is -5 + 356?
351
In base 4, what is -203 + -221?
-1030
In base 8, what is 0 - 122?
-122
In base 5, what is 0 + -202?
-202
In base 10, what is 445 + 3?
448
In base 6, what is 5 + 105?
114
In base 7, what is 4224 + 14?
4241
In base 12, what is -1 - 8a?
-8b
In base 14, what is -2b7 - 18?
-2d1
In base 13, what is -1 - -c?
b
In base 13, what is 91 + -b?
83
In base 11, what is -1037 - 2?
-1039
In base 2, what is -110100 - -111?
-101101
In base 15, what is 1 + 17e5?
17e6
In base 10, what is -9 + -2?
-11
In base 13, what is 5 + -104?
-cc
In base 8, what is -1 - 2434?
-2435
In base 8, what is -15 - -135?
120
In base 6, what is -205 - 34?
-243
In base 3, what is 1122 - -101?
2000
In base 13, what is -5 - -1b9?
1b4
In base 10, what is -131 + -32?
-163
In base 13, what is 3 - 155?
-152
In base 10, what is -637 - -5?
-632
In base 13, what is -2 - -87?
85
In base 11, what is -7 - -170?
164
In base 4, what is 1101 + -2003?
-302
In base 9, what is -17 - 474?
-502
In base 5, what is -121 + 11?
-110
In base 3, what is 21 - 1121010?
-1120212
In base 2, what is 11101111 + -111?
11101000
In base 4, what is -10 - -103032?
103022
In base 9, what is -16 - -622?
605
In b